{"id":335,"date":"2022-10-11T23:41:30","date_gmt":"2022-10-11T21:41:30","guid":{"rendered":"https:\/\/teenahnah.ch\/newteenahnah\/?page_id=335"},"modified":"2022-10-16T15:59:50","modified_gmt":"2022-10-16T13:59:50","slug":"videos-de-jazz","status":"publish","type":"page","link":"http:\/\/teenahnah.ch\/newteenahnah\/videos-de-jazz\/","title":{"rendered":"Vid\u00e9os TNNS"},"content":{"rendered":"\n<h2 class=\"wp-block-heading\"><strong>Les Tee-Nah-Nah Stompers au kiosque \u00e0 musique (TSR-2013)<\/strong><\/h2>\n\n\n\n<figure class=\"wp-block-video\"><video height=\"526\" style=\"aspect-ratio: 840 \/ 526;\" width=\"840\" controls src=\"https:\/\/teenahnah.ch\/newteenahnah\/wp-content\/uploads\/2022\/10\/Down-in-honky-tonk.mov\"><\/video><figcaption>Down in honky tonk town<\/figcaption><\/figure>\n\n\n\n<figure class=\"wp-block-video\"><video height=\"526\" style=\"aspect-ratio: 840 \/ 526;\" width=\"840\" controls src=\"https:\/\/teenahnah.ch\/newteenahnah\/wp-content\/uploads\/2022\/10\/cushion-foot-stomp.mov\"><\/video><figcaption>Cushion foot stomp<\/figcaption><\/figure>\n\n\n\n<figure class=\"wp-block-video\"><video height=\"526\" style=\"aspect-ratio: 840 \/ 526;\" width=\"840\" controls src=\"https:\/\/teenahnah.ch\/newteenahnah\/wp-content\/uploads\/2022\/10\/Someday-sweetheart.mov\"><\/video><figcaption>Someday sweetheart<\/figcaption><\/figure>\n\n\n\n<figure class=\"wp-block-video\"><video height=\"526\" style=\"aspect-ratio: 840 \/ 526;\" width=\"840\" controls src=\"https:\/\/teenahnah.ch\/newteenahnah\/wp-content\/uploads\/2022\/10\/shim-sham.mov\"><\/video><figcaption>Shim sham shimmy dance<\/figcaption><\/figure>\n\n\n\n<h2 class=\"wp-block-heading\"><strong>Les Tee-Nah-Nah Stompers en marchin&rsquo; band<\/strong><\/h2>\n\n\n\n<figure class=\"wp-block-video alignleft\"><video height=\"647\" style=\"aspect-ratio: 1152 \/ 647;\" width=\"1152\" controls src=\"https:\/\/teenahnah.ch\/newteenahnah\/wp-content\/uploads\/2022\/10\/TNNS-Gunhild-bernex-17.mov\"><\/video><figcaption>Avec Gunhild \u00e0 Bernex Jazz 2017<\/figcaption><\/figure>\n\n\n\n<figure class=\"wp-block-video\"><video height=\"480\" style=\"aspect-ratio: 800 \/ 480;\" width=\"800\" controls src=\"https:\/\/teenahnah.ch\/newteenahnah\/wp-content\/uploads\/2022\/10\/1-marchin-\u2013-Che\u0302ne-Bourg-28-11-2015.mp4\"><\/video><figcaption>March\u00e9 de No\u00ebl Ch\u00eane-Bourg 2015<\/figcaption><\/figure>\n\n\n\n<figure class=\"wp-block-video\"><video height=\"480\" style=\"aspect-ratio: 800 \/ 480;\" width=\"800\" controls src=\"https:\/\/teenahnah.ch\/newteenahnah\/wp-content\/uploads\/2022\/10\/2-marchin-\u2013-Che\u0302ne-Bourg-28-11-2015.mp4\"><\/video><figcaption>March\u00e9 de No\u00ebl Ch\u00eane-Bourg 2015<\/figcaption><\/figure>\n\n\n\n<figure class=\"wp-block-video\"><video height=\"480\" style=\"aspect-ratio: 800 \/ 480;\" width=\"800\" controls src=\"https:\/\/teenahnah.ch\/newteenahnah\/wp-content\/uploads\/2022\/10\/3-marchin-\u2013-Che\u0302ne-Bourg-28-11-2015.mp4\"><\/video><figcaption>March\u00e9 de No\u00ebl Ch\u00eane-Bourg 2015<\/figcaption><\/figure>\n\n\n\n<figure class=\"wp-block-video\"><video height=\"480\" style=\"aspect-ratio: 800 \/ 480;\" width=\"800\" controls src=\"https:\/\/teenahnah.ch\/newteenahnah\/wp-content\/uploads\/2022\/10\/4-marchin-\u2013-Che\u0302ne-Bourg-28-11-2015.mp4\"><\/video><figcaption>March\u00e9 de No\u00ebl Ch\u00eane-Bourg 2015<\/figcaption><\/figure>\n","protected":false},"excerpt":{"rendered":"<p>Les Tee-Nah-Nah Stompers au kiosque \u00e0 musique (TSR-2013) Les Tee-Nah-Nah Stompers en marchin&rsquo; band<\/p>\n","protected":false},"author":1,"featured_media":0,"parent":0,"menu_order":0,"comment_status":"closed","ping_status":"closed","template":"","meta":{"footnotes":""},"class_list":["post-335","page","type-page","status-publish","hentry"],"_links":{"self":[{"href":"http:\/\/teenahnah.ch\/newteenahnah\/wp-json\/wp\/v2\/pages\/335","targetHints":{"allow":["GET"]}}],"collection":[{"href":"http:\/\/teenahnah.ch\/newteenahnah\/wp-json\/wp\/v2\/pages"}],"about":[{"href":"http:\/\/teenahnah.ch\/newteenahnah\/wp-json\/wp\/v2\/types\/page"}],"author":[{"embeddable":true,"href":"http:\/\/teenahnah.ch\/newteenahnah\/wp-json\/wp\/v2\/users\/1"}],"replies":[{"embeddable":true,"href":"http:\/\/teenahnah.ch\/newteenahnah\/wp-json\/wp\/v2\/comments?post=335"}],"version-history":[{"count":19,"href":"http:\/\/teenahnah.ch\/newteenahnah\/wp-json\/wp\/v2\/pages\/335\/revisions"}],"predecessor-version":[{"id":550,"href":"http:\/\/teenahnah.ch\/newteenahnah\/wp-json\/wp\/v2\/pages\/335\/revisions\/550"}],"wp:attachment":[{"href":"http:\/\/teenahnah.ch\/newteenahnah\/wp-json\/wp\/v2\/media?parent=335"}],"curies":[{"name":"wp","href":"https:\/\/api.w.org\/{rel}","templated":true}]}}